 = 734 - u. List the prime factors of o.
2, 3, 41
Suppose -3*p = 286 + 32. Let m = p - -127. List the prime factors of m.
3, 7
Let p be (-74008)/209 - 2/(-19). Let o = -88 - p. List the prime factors of o.
2, 7, 19
Suppose -6*i = -14 + 86. Let h(j) = -1 - 5*j - 3 + 28. List the prime factors of h(i).
2, 3, 7
Suppose -2*s + 20 - 106 = -4*n, 3*s - 11 = -n. Let v(k) = 57*k**3 - 19 + 34*k**3 - 2*k + n. What are the prime factors of v(1)?
2, 3, 5
Let d be -2*(-3 - 3)*3/4. Suppose 560 = d*n - 124. Let q = n + -12. List the prime factors of q.
2
Let w(d) = 6361*d**2 + 44*d - 37. List the prime factors of w(1).
2, 199
Let x = 54 - 54. Suppose x = z - 13*z + 1584. List the prime factors of z.
2, 3, 11
Suppose -3*i - 4*v = -24519, i + 3*v = -421 + 8609. List the prime factors of i.
8161
What are the prime factors of (-4 - 1/(-1)) + (19 - -13396)?
2, 7, 479
Let q(c) = -6*c - 40. Suppose -2 = -8*y - 58. Let f be q(y). Suppose f*m - m - 77 = 0. What are the prime factors of m?
7, 11
List the prime factors of (-29038)/(-1)*(53 + 1092/(-21)).
2, 14519
Let k(b) = -b**2 - 45*b - 52. Let l be (16/10)/(17/(-255)). List the prime factors of k(l).
2, 113
Let o = -219 - -221. Suppose -5*w + 3082 = x - 98, 4*x + 1272 = o*w. List the prime factors of w.
2, 3, 53
Suppose -12*h + 96336 = 25428. List the prime factors of h/8 + (-33)/(-88).
739
Let l(d) be the third derivative of -d**5/20 - d**4/24 + 5*d**3/2 + 11*d**2. Let m be l(14). List the prime factors of 12/(-54) + m/(-9).
5, 13
Let k = 1596 + 6580. What are the prime factors of k?
2, 7, 73
Suppose -10*z - 1160 + 660 = 0. List the prime factors of (72/(-16))/(5/z).
3, 5
Let z = -67423 + 100214. What are the prime factors of z?
11, 271
Suppose 551105 = 108*w - 552547. List the prime factors of w.
11, 929
Let j(d) = 6*d - 20. Let w be j(8). Suppose -2*x = 70 + w. Let r = x - -80. What are the prime factors of r?
31
Let d = 1660 - 2432. Let y = 1297 + d. List the prime factors of y.
3, 5, 7
Suppose -5*p - 10 = 3*f + 18, 18 = -4*f + 3*p. List the prime factors of (-3 - -893) + (1 - 24/f).
5, 179
Let x be 6*(-1)/(-9) + (-23)/3. Let u be ((-12)/x)/(1/14). List the prime factors of ((-12)/32)/((-3)/u).
3
Suppose 47 - 39 = 4*b. Suppose -b*u + 423 = 3*i, -2*u - i + 53 = -372. List the prime factors of u.
3, 71
Suppose -5*b = 10*b. Suppose 3*p = p + 5*l + 54, 5*p - 5*l - 135 = b. What are the prime factors of (-36)/p - (-470)/6?
7, 11
Let f(w) = 224*w**2 - 42*w + 192. What are the prime factors of f(6)?
2, 3, 23, 29
List the prime factors of 738 - -1 - -9 - -12.
2, 5, 19
Let p = 1144 + -1894. Let b = -493 - p. List the prime factors of b.
257
Let p = -72504 - -105702. List the prime factors of p.
2, 3, 11, 503
Let y be 642/(-24) + 3/4. Let o = 27 + y. List the prime factors of o/(1 - (0 + (-40)/(-42))).
3, 7
Let h(x) = -2*x + 28. Suppose -t - 112 = -8*t. Let s be h(t). List the prime factors of (-1)/(2796/700 + s).
5, 7
Suppose -71 = 5*a - 1. Let t(f) = -18*f + 27. Let l be t(a). What are the prime factors of 7/((-42)/l)*-2?
3, 31
Let r(j) = 4*j + 83. Let i(h) = -18*h - 416. Let d(l) = 2*i(l) + 11*r(l). List the prime factors of d(17).
7, 31
Let n(f) = f**3 - 23*f**2 + 155*f + 24. What are the prime factors of n(13)?
349
List the prime factors of (-5 + 33/6)/(56/2646448).
23629
What are the prime factors of 12012 + ((-1)/(-1))/(-18 - 1045/(-57))?
3, 5, 89
Let d be ((-10)/(-4))/(2/4). Suppose -525 = -3*f + d*b + 435, -4*b = 2*f - 618. List the prime factors of f.
3, 5, 7
Suppose -73*s + 208780 = -3857247. What are the prime factors of s?
7, 73, 109
Let f = -10 + 11. What are the prime factors of 521 - (2 - (1 + f))/(-1)?
521
What are the prime factors of (-1 + -2 + 0)/(257 - 258) + 47441?
2, 29, 409
Let i be 794 - 1/(4*3/24). List the prime factors of 90/1*i/90.
2, 3, 11
Let g(v) = v**3 - 27*v**2 - 23*v - 9. Let r be g(28). Suppose 2*b + 2*z - r = 413, 3*b + 4*z - 819 = 0. List the prime factors of b.
269
Let b be ((-302)/4)/(19/(-114)). Suppose q + 3*u - b = 0, -3*u = -5*q - 0*q + 2193. List the prime factors of q.
3, 7
Let u = 10492 + 51330. What are the prime factors of u?
2, 30911
Suppose 593503 - 4768459 = -279*m. What are the prime factors of m?
2, 3, 29, 43
Suppose -8*g = 630 + 1218. Suppose 5*o = -151 - 674. Let u = o - g. What are the prime factors of u?
2, 3, 11
Suppose -5*k = 2*o - 5*o + 508, 2*o + 3*k = 364. Let r = o - 113. Suppose 60*f - r*f = -594. What are the prime factors of f?
2, 3, 11
Let s(k) = -49*k - 20. Let w be s(-30). Suppose 120*q - 115*q = w. What are the prime factors of q?
2, 5, 29
Suppose 0*l - 6*l = -132. Let q(i) = -i**2 + 26*i + 67. List the prime factors of q(l).
5, 31
Let g(t) = -316*t**3 + 24*t**2 + 181*t - 9. List the prime factors of g(-6).
3, 5, 907
Let y(n) = -765*n - 4. Let r be y(-2). Suppose -3*m + 3*c + 847 = -59, 0 = -5*m + c + r. List the prime factors of m.
2, 3, 17
Let c be 11124/44 - 4 - 8/(-44). Let p = c - -353. What are the prime factors of p?
2, 7, 43
Let j = -1868 + 602. List the prime factors of (j/18 - -6)*(-24 - -3).
7, 193
Let l(p) = -308*p + 628. List the prime factors of l(-80).
2, 6317
Let g = 39762 - 26816. What are the prime factors of g?
2, 6473
Let y = -18 - -28. Let m(f) = -2*f + 22. Let b be m(y). List the prime factors of 2*(-2 + (-420)/(-8)) + b.
103
List the prime factors of 43 + -1 + -44 + 2757/1.
5, 19, 29
Let t(x) = x**3 - 40*x**2 + 126*x - 3111. What are the prime factors of t(58)?
3, 113, 191
Let a(d) = -142*d**2 + 8*d + 16. Let h(x) = 71*x**2 - 4*x - 8. Let o(k) = -4*a(k) - 7*h(k). What are the prime factors of o(-2)?
2, 71
Let g(j) = -j**3 - 14*j**2 + 12*j + 7. Let f be g(-14). Let u = f - -800. List the prime factors of u.
3, 71
What are the prime factors of (4 + 136)*2786/(-35)*-2?
2, 7, 199
Let m = 42282 - 12299. List the prime factors of m.
29983
Let x = 467 - 328. Suppose 15*r - 296 - x = 0. What are the prime factors of r?
29
Let g(r) = r**2 + r + 26. Let c be g(0). Let h be c*(4/6 - (-2)/(-12)). Suppose -h*m + 6*m = -490. What are the prime factors of m?
2, 5, 7
Let k(y) = -y**3 + 29*y**2 + 63*y - 3. Let c be k(31). List the prime factors of -2 - (-44)/c - 31476/(-42).
7, 107
Let u(d) = -2*d - 21. Let n be u(-18). Let q be 3*n + 12/6. List the prime factors of q + (-4 - -3) + 2.
2, 3
Suppose 20*f + 6559 + 6601 = 0. What are the prime factors of 0 - 3/3 - (f - 1)?
2, 7, 47
List the prime factors of ((-424)/(-20))/((-4)/(-1670)).
53, 167
Let c(i) = 26*i**2 + 32*i - 30. What are the prime factors of c(-16)?
2, 3, 1019
Suppose -4*v + 57520 = 4*t, 7*v - 71920 = -5*t + 12*v. List the prime factors of t.
2, 3, 17, 47
Let m be (2/6)/((-6)/(-90)). Suppose 3*g + 2*k - 4*k + 2 = 0, m*g - 3 = -3*k. Suppose g = 2*d - 0*d - 3*a - 119, -d = -a - 57. What are the prime factors of d?
2, 13
Suppose -v - 7*z = -4*z - 736, 3*z = -5*v + 3656. Suppose 0 = -5*y - 4*c + v, 96 = 3*y + 2*c - 342. What are the prime factors of y?
2, 73
Suppose 0 = -4*i - 5*x + 93597, -23402 = -i + 122*x - 126*x. What are the prime factors of i?
2, 11699
Suppose -1228 - 861 = 2*j - 3*p, 0 = -p + 1. Let w = j - -1551. What are the prime factors of w?
2, 127
Suppose 2142 = 3*d + 3*p, 2*p = -2*d - 3*p + 1419. Suppose -z + 1524 = 5*x, -2*z + d = 5*x - 811. List the prime factors of x.
2, 19
Let i = -699 - -402. What are the prime factors of 9/(i/(-6)) - (-6000)/33?
2, 7, 13
Suppose q = -3*t + 33 + 109, -2*q - 2*t = -276. Suppose -2*f - 6*f + q = 0. Let s = 23 - f. What are the prime factors of s?
2, 3
Let k = 52 - 46. Suppose -k*m + 0*m + 120 = 0. Suppose 156 = 11*p - m. List the prime factors of p.
2
Suppose 4*k + 10832 = 6*v - v, 3*k = -v - 8124. Let l = -1505 - k. List the prime factors of l.
3, 401
Let q = 7 + -4. Suppose -35*i + 282 = 106*i. Suppose p - 835 = -i*u - u, 5*u + q*p = 1389. What are the prime factors of u?
3, 31
Let o(i) = 4*i**3 - i**2 - 9*i - 10. Let t be o(-2). What are the prime factors of (-2394)/t + 3/(-6)?
5, 17
Suppose 2*i + 4*u - 3*u - 4 = 0, -20 = -5*u. Suppose 7 = 2*g + k, -2*k - 4 + 14 = i. List the prime factors of ((-411)/(-6) + g)*2.
139
Let i = 21 + 14. Let c = 45 - i. Suppose -c*j + 65 = -175. List the prime factors of j.
2, 3
Let x = -36 - 77. What are the prime factors of ((-5 - -10 - 0) + x)*-6?
2, 3
Let z = 13537 - 4036. What are the prime factor